 w**3 - 29*w**2 + 193*w + 124. Let f be r(12). Let s(d) be the first derivative of d**2 + 11*d + 1. Give s(f).
-5
Suppose 0 = -0*c + c + 4. Let g be (2/c)/(2/8). Let b(q) = -5*q - 205. Let l(o) = 2*o + 88. Let r(i) = -3*b(i) - 7*l(i). Give r(g).
-3
Let c(y) = -60589 + 8*y**2 + 30297 + 30303 - y**3. Calculate c(8).
11
Let u(k) = 3*k - 15. Suppose 4*h + 25 = o, 5*o = 139*h - 144*h. What is u(h)?
-30
Let y(d) = d**2 - 2. Let u(z) = -41*z - 39. Let v be u(-1). Let o be (-1)/v*-5*-2. Give y(o).
23
Let k(f) = f - 5. Let s = 39 - 31. Suppose y - s - 21 = -5*r, 5*r - 9 = 4*y. Suppose r*j + 18 = 43. Give k(j).
0
Let j(n) = -4*n**3 + 11*n**2 - 4*n - 16. Let x(u) = -u**2 - 6 + 36 - 15 - 13 + u**3. Let q(r) = j(r) + 3*x(r). Give q(7).
11
Let r(q) = q + 6. Let n(g) = 3*g - 30. Let a be n(9). Let z(k) = 2*k + 13. Let x(f) = a*z(f) + 7*r(f). What is x(-2)?
1
Let l(s) = 22*s**3 + s. Let y(x) = -x**2 + 18*x + 209. Let z be y(26). Suppose -z = -3*o + 2*o - 5*g, 3*o - 3 = -3*g. What is l(o)?
23
Suppose 24*x - 5*c - 358 = 20*x, c - 346 = -4*x. Let j = 74 - x. Let u(q) = q**2 + 13*q + 4. Determine u(j).
4
Let x be (-231)/(-21) - (4 - -4). Let j(g) = g**3 - 5*g**2 + 4*g. Give j(x).
-6
Let h = -23 - -15. Let d(b) = -b**2 - b - 1. Let t(a) = a**2 - 6*a + 4. Let i = -24 + 23. Let q(n) = i*t(n) - 2*d(n). Determine q(h).
-2
Suppose 2*n + 4*d = -20, -2*n + 15 = -4*d + 11. Let s(j) = j**2 - 48*j - 210. Determine s(n).
-2
Suppose -5*f + 84 = -4*z, 12 = -5*f - 5*z + 132. Let d = -18 + f. Let u be (3/d)/(12/(-24)). Let s(h) = -3*h**2 - 4*h. Determine s(u).
-15
Let k(p) = p - 10. Let g(d) = -3*d - 45. Let w be g(-15). Suppose -4*f = 5*y - 64, w*f = 3*f + 2*y - 41. What is k(f)?
1
Suppose 0 = -0*b + 16*b - 48. Let i(s) = -6*s + 4*s + 4*s**2 + 18 + 17 - 38 - b*s**2 + s**3. Determine i(0).
-3
Suppose -2*k - 1 + 3 = 0. Suppose t - k = 7. Let w(b) = -5*b - 7 + 8 - 4*b + 12 + b**2 - 8. Give w(t).
-3
Let g = 7 - -32. Let t be (-4 - -8 - (0 - -1)) + g. Suppose -17*v = -11*v + t. Let x(c) = c**2 + 6*c - 7. Determine x(v).
0
Let v(u) = 11*u**2 - 26*u - 68. Let x(y) = 5*y**2 - 13*y - 32. Let t(f) = -6*v(f) + 13*x(f). Determine t(-9).
28
Let i(w) = w**2 - 4*w - 14. Let n be 6/(-3) - -8 - 1/1. Suppose -2*a + 12 = 2*j, -n*a = -2*j - 2*j - 39. Determine i(a).
7
Suppose -5*w + 13 = 29*o - 32*o, 5*w - 4 = 4*o. Let x(g) = 6*g - 52. Calculate x(o).
2
Let m(w) be the second derivative of w**4/12 - 2*w**3/3 - 19*w**2/2 + 13*w + 1. Let q be m(6). Let h(k) = -k**2 - 5*k + 7. Calculate h(q).
-7
Let r(f) be the first derivative of -f**3/3 - 21*f**2/2 - 78*f + 7612. Calculate r(-16).
2
Suppose 5*v - 26 = -2*s, -4*s - 4 + 2 = v. Suppose -30 = -4*u + h, v = 2*h - 5*h. Let x(r) = 4*r - 11. Determine x(u).
17
Let n = 101 + -99. Suppose -c + n*c + 16 = 2*w, 0 = 3*w - 3*c - 24. Let p(l) = -l**3 + 7*l**2 + 7*l + 7. Calculate p(w).
-1
Let g(n) = 2*n**3 + 14*n**2 + 2*n - 3. Let f(a) = 5*a**3 + 29*a**2 + 5*a - 9. Let o(j) = -3*f(j) + 7*g(j). Calculate o(11).
-5
Let t = 10890 - 10883. Let d(n) = 2*n**3 - 14*n**2 + 5*n + 15. Calculate d(t).
50
Let n(o) = -13598*o**2 + 6795*o**2 + 3 + 6801*o**2 - 5*o. Suppose 0 = 4*y - 4*d + 20, 3*d - 2*d - 1 = 0. Calculate n(y).
-9
Let k(p) be the second derivative of p**6/240 - 17*p**4 - 2*p + 166. Let w(x) be the third derivative of k(x). Calculate w(-6).
-18
Suppose 4*d - 3*d = 4*s + 3, -2*d + 3 = -5*s. Let y(u) be the second derivative of -29*u**3/6 + 4*u. Give y(s).
29
Let u(w) = -7*w**2 - 16*w - 6. Let m(j) = -3*j**2 - 8*j - 3. Let c be 7/(7/(-4)) + 0/5. Let t be (-17)/(-2) - (-2)/4. Let p(i) = c*u(i) + t*m(i). Give p(6).
-15
Let b(p) = -56*p**2 + 91*p - 3. Let f(j) = -50*j**2 + 89*j - 2. Let s(m) = -5*b(m) + 6*f(m). Determine s(4).
-1
Let j be -11 + (-2)/(-1) + 154. Suppose -31*g + 21 = j. Let d(a) be the first derivative of -a**3/3 - 5*a**2/2 + a + 1. What is d(g)?
5
Let h(x) be the second derivative of 1/2*x**3 + 0 - 93*x - 1/12*x**4 - x**2. Determine h(4).
-6
Let c(x) = -2*x**2 + 2*x + 2. Let y = 10411 + -10409. Calculate c(y).
-2
Let q(a) = -a**2 - 6*a - 1. Let z(x) = -x**2 + 5*x + 9. Let v be z(9). Let g = -15 - v. Suppose -38*h = -34*h + g. Determine q(h).
8
Let f(x) = 1834 - 913 + 11*x - 889 + x**2. Determine f(-7).
4
Let y(l) = -5*l - 11. Let z(g) = -9*g - 24. Let k(h) = 7*y(h) - 3*z(h). Let p(m) = 5*m - 7. Let v be p(1). Give k(v).
11
Let p(k) be the second derivative of k**3/6 + k**2/2 + 3*k + 157. Determine p(2).
3
Let i(c) be the first derivative of -c**4/4 - 2*c**3 - 5*c**2/2 + 3*c - 2. Suppose 3*a - 23*x + 26*x = -45, 5*x + 55 = -a. Give i(a).
3
Let b = -3632 - -3641. Let z(k) = -5*k + 20. Determine z(b).
-25
Let m(z) = -352*z + 7047. Let d be m(20). Let p(r) = r**3 - 7*r**2 - 23. Give p(d).
-23
Let g(u) = -204*u**2 + 42*u - 286. Let o(w) = 131*w**2 - 28*w + 190. Let b(j) = -9*g(j) - 14*o(j). What is b(4)?
2
Let i(f) = -3*f**3 + 4*f**2 + 6*f - 1. Suppose 1341 = 112*b + 110*b + 453. Determine i(b).
-105
Let t(k) = 3*k - 2*k**3 + 5 - 1680112*k**2 + 1680114*k**2 + 5*k. What is t(-4)?
133
Suppose 2503 = -495*z + 28. Let f(n) = -n**3 - 6*n**2 - 8*n + 5. Determine f(z).
20
Let w(d) = -35*d**2 + 3*d + 21. Let f(j) = -8*j**2 + j + 6. Let n(s) = -9*f(s) + 2*w(s). Calculate n(-4).
32
Let t(o) = 21*o + 1. Let y(i) = -i**2 - 6*i + 6. Let l(h) = -h**2 + 17*h - 31. Let j be l(13). Suppose 10*f + j = 7*f. Let d be y(f). Determine t(d).
-20
Let t(s) = 2*s**2 - 3*s + 5. Let i(g) = g**3 - 49*g + 2. Let p be i(7). Determine t(p).
7
Let h(b) be the third derivative of b**6/360 + b**5/120 - 2*b**4/3 - 65*b**3/2 - 4*b**2 + 19. Let t(l) be the first derivative of h(l). Give t(-4).
-4
Let c(k) = -3*k**3 + 11*k**2 - 13*k. Let t(p) = -p**3 + 5*p**2 - 6*p. Suppose -30 - 30 = -10*r. Let d(s) = r*c(s) - 13*t(s). What is d(1)?
-4
Let x = -3243 + 3251. Let t(w) = w**3 - 6*w**2 - 20*w + 16. Give t(x).
-16
Let f(i) = i**3 - 8*i**2 + 9*i - 2. Let q be f(7). Let s(n) = -q*n**2 + 2*n**2 + 7 + 9*n**2. Let y be ((-4 - -2) + 2)/2. Determine s(y).
7
Let h(g) = -9*g + 1. Let z = -24 + 18. Let s be z/4*(-4 + (-78)/(-9)). Let n be (3/2)/((-7)/(s - 7)). Calculate h(n).
-26
Suppose 14*c - 22*c + 56 = 0. Let h be 7/c*0 + -3. Let o(v) = -4*v - 3. What is o(h)?
9
Let q(t) = t**2 + 26*t + 100. Suppose -80*i + 83*i + 21 = 5*r, 4*i + 3*r + 115 = 0. Calculate q(i).
12
Suppose 130 - 138 = -4*g. Suppose 0 = v + 2*s + s + 19, g*s = -v - 15. Let o(f) = -2*f - 7. Let y(m) = 1. Let u(n) = -o(n) + 2*y(n). Give u(v).
-5
Let q be 29/(-7) + 4/28. Let z(a) = -17*a + 43. Let o(p) = -3*p + 7. Let u(r) = 6*o(r) - z(r). Calculate u(q).
3
Suppose 0 = -21*z - 265 + 454. Let n(c) = 4*c - 21. Determine n(z).
15
Let o(y) be the first derivative of y**3/3 + y**2/2 - 3*y + 454. Suppose 4*j = 2*s - 0*j + 10, 2*j - 8 = 0. Determine o(s).
9
Let u be -5*(-5 + 2)/3. Let l(p) = -2*p**2 + 15*p + 10. Give l(u).
35
Let j(t) = -222*t - 100. Let u(d) = 141*d + 67. Let y(a) = 7*j(a) + 11*u(a). Calculate y(7).
16
Let n(w) = -4*w**2 - 51*w + 16. Let r be n(-13). Let k(m) = 7 - 25 - r*m + 8 + 5 + 10. Calculate k(4).
-7
Let y be 2/2 + -2 - 9. Let n be y/(-35) - 46/14. Let u(w) = 9411*w - 5*w**2 + 4*w**2 - 9414*w. Determine u(n).
0
Let n = 50 - 974. Let c = 924 + n. Let m(i) = -i**3 + i**2 + i + 16. Determine m(c).
16
Let l(u) = u**3 - 21*u**2 + 45*u + 3. Let b(x) = -3*x**2 + 7*x + 1. Let j(g) = -6*b(g) + l(g). Calculate j(2).
-1
Let x(p) = -38*p**2 - 146*p - 6. Let m(a) = -8*a**2 - 31*a - 1. Let g(c) = 28*m(c) - 6*x(c). What is g(-2)?
8
Let b(k) = -19*k + 0 + 8*k - 4 + 10*k. Suppose -m = 3*r + 19, 0 = 2*r + 16 - 6. What is b(m)?
0
Let t(m) = -5*m**3 + m**2 + 7*m + 14. Let q(z) = 4*z**3 - 2*z**2 - 7*z - 13. Let j be (-3)/6*2*0 + 5. Let v(o) = j*t(o) + 6*q(o). Calculate v(-6).
-2
Let g(n) = -n - 3. Let b = -32 - -28. Let a(u) = -u - 1. Let x(m) = b*a(m) + 5*g(m). What is x(-10)?
-1
Let p(x) = x**2 + 11*x + 3. Let f(w) = 2*w**3 - w**2 - 4*w + 7. Let c be f(2). Suppose -3*m + 4*m + c = 0. Calculate p(m).
3
Let s be (4/5 - 0)/((-4)/(-10)). Let o(h) = -2*h**s + 0 + 415*h - 408*h + 9. What is o(5)?
-6
Let n(r) = 2*r**3 + 3*r**2 + 3*r. Let v(m) = 4 - 11 + 10*m - 8*m + 23. Let u(l) = -3*l + 3. Let d be u(4). Let y be v(d). Determine n(y).
-10
Let h(l) = -l**2 + 4*l - 3*l + 0*l - 4*l - 4. Let j = 92 + -102. Let u be 18/15*(-3)/(-12)*j. Calculate h(u).
